{"id":2096,"date":"2024-09-20T15:46:46","date_gmt":"2024-09-20T14:46:46","guid":{"rendered":"https:\/\/puppymaroc.com\/?post_type=product&#038;p=2096"},"modified":"2024-09-20T15:53:05","modified_gmt":"2024-09-20T14:53:05","slug":"ownat-classique-kitten-riche-en-poulet-400-g","status":"publish","type":"product","link":"https:\/\/puppymaroc.webmarocagency.com\/?product=ownat-classique-kitten-riche-en-poulet-400-g","title":{"rendered":"OWNAT CLASSIQUE KITTEN RICHE EN POULET 400 G"},"content":{"rendered":"<h6>Composition:<\/h6>\n<p>Viande 38% (viande d\u00e9shydrat\u00e9e 28%, poulet frais* 10%), riz complet* (15%), graisse de poulet, orge complet* (9%), ma\u00efs complet* (7%), prot\u00e9ines de ma\u00efs, petits pois entiers* (4%), poisson d\u00e9shydrat\u00e9, levure de bi\u00e8re* (1,5%), prot\u00e9ines de poulet hydrolys\u00e9es, \u0153uf entier d\u00e9shydrat\u00e9* (1%), pomme fra\u00eeche* (1%), huile de saumon, pulpe de betterave, fructo-oligosaccharides et mannane-oligosaccharides, herbes botaniques 0,02% (fenouil*, fleur de camomille*, anis vert*), yucca schidigera.\u00a0<em>*Ingr\u00e9dients naturels<\/em><\/p>\n<h6>Constituants analytiques:<\/h6>\n<p>Prot\u00e9ine 34%, Teneur en mati\u00e8res grasses 15%, Cellulose brute 2%, Mati\u00e8re inorganique 8%, Humidit\u00e9 8%, Calcium 1,4%, Phosphore 1%.<\/p>\n<h6>ADDITIFS \/ KG : Additifs nutritionnels:<\/h6>\n<p>Vitamine A 22 000 UI, Vitamine D3 1 500 UI, Vitamine E 350 UI, Vitamine C 100 mg, Taurine 1 300 mg, Cuivre (ch\u00e9late de cuivre d&rsquo;acides amin\u00e9s hydrat\u00e9) 5 mg, Mangan\u00e8se (oxyde de mangan\u00e8se) 40 mg, Zinc (oxyde de zinc) 100 mg, Zinc (ch\u00e9late de zinc d&rsquo;acides amin\u00e9s hydrat\u00e9) 7 mg, Fer (sulfate de fer, monohydrat\u00e9) 50 mg, Iode (iodure de potassium) 3 mg, S\u00e9l\u00e9nium (s\u00e9l\u00e9nite de sodium) 0,2 mg. Contient des antioxydants naturels.<\/p>\n<h6>Instructions<\/h6>\n<p>Les quantit\u00e9s indiqu\u00e9es sont les rations journali\u00e8res recommand\u00e9es. Conserver dans un endroit frais et sec. Toujours laisser de l\u2019eau propre et fra\u00eeche \u00e0 la port\u00e9e du chat. Expiration: 18 mois.<\/p>\n","protected":false},"excerpt":{"rendered":"<h5 class=\"subtitle\">Convient aux chatons de 1 \u00e0 12 mois, qui est formul\u00e9 avec une haute teneur en calories et de prot\u00e9ines pour r\u00e9pondre aux exigences \u00e9lev\u00e9es de l&rsquo;organisme en d\u00e9veloppement. Avec un accent sur la s\u00e9curit\u00e9 gastro-intestinale gr\u00e2ce aux prot\u00e9ines de la viande fra\u00eeche et des fructo-oligosaccharides qui favorisent l&rsquo;\u00e9quilibre intestinal.<\/h5>\n","protected":false},"featured_media":2098,"comment_status":"open","ping_status":"closed","template":"","meta":[],"product_brand":[],"product_cat":[74],"product_tag":[],"class_list":{"0":"post-2096","1":"product","2":"type-product","3":"status-publish","4":"has-post-thumbnail","6":"product_cat-alimentation-2","8":"first","9":"instock","10":"sale","11":"shipping-taxable","12":"purchasable","13":"product-type-simple"},"yoast_head":"<!-- This site is optimized with the Yoast SEO plugin v25.8 - https:\/\/yoast.com\/wordpress\/plugins\/seo\/ -->\n<title>OWNAT CLASSIQUE KITTEN RICHE EN POULET 400 G - puppymaroc.com<\/title>\n<meta name=\"description\" content=\"Convient aux chatons de 1 \u00e0 12 mois, qui est formul\u00e9 avec une haute teneur en calories et de prot\u00e9ines pour r\u00e9pondre aux exigences \u00e9lev\u00e9es de l&#039;organisme en d\u00e9veloppement. Avec un accent sur la s\u00e9curit\u00e9 gastro-intestinale gr\u00e2ce aux prot\u00e9ines de la viande fra\u00eeche et des fructo-oligosaccharides qui favorisent l&#039;\u00e9quilibre intestinal.\" \/>\n<meta name=\"robots\" content=\"index, follow, max-snippet:-1, max-image-preview:large, max-video-preview:-1\" \/>\n<link rel=\"canonical\" href=\"https:\/\/puppymaroc.webmarocagency.com\/?product=ownat-classique-kitten-riche-en-poulet-400-g\" \/>\n<meta property=\"og:locale\" content=\"fr_FR\" \/>\n<meta property=\"og:type\" content=\"article\" \/>\n<meta property=\"og:title\" content=\"OWNAT CLASSIQUE KITTEN RICHE EN POULET 400 G - puppymaroc.com\" \/>\n<meta property=\"og:description\" content=\"Convient aux chatons de 1 \u00e0 12 mois, qui est formul\u00e9 avec une haute teneur en calories et de prot\u00e9ines pour r\u00e9pondre aux exigences \u00e9lev\u00e9es de l&#039;organisme en d\u00e9veloppement. Avec un accent sur la s\u00e9curit\u00e9 gastro-intestinale gr\u00e2ce aux prot\u00e9ines de la viande fra\u00eeche et des fructo-oligosaccharides qui favorisent l&#039;\u00e9quilibre intestinal.\" \/>\n<meta property=\"og:url\" content=\"https:\/\/puppymaroc.webmarocagency.com\/?product=ownat-classique-kitten-riche-en-poulet-400-g\" \/>\n<meta property=\"og:site_name\" content=\"puppymaroc.com\" \/>\n<meta property=\"article:publisher\" content=\"https:\/\/www.facebook.com\/PuppyMaroc?mibextid=ZbWKwL\" \/>\n<meta property=\"article:modified_time\" content=\"2024-09-20T14:53:05+00:00\" \/>\n<meta property=\"og:image\" content=\"https:\/\/puppymaroc.webmarocagency.com\/wp-content\/uploads\/2024\/09\/sdfghj.png\" \/>\n\t<meta property=\"og:image:width\" content=\"1080\" \/>\n\t<meta property=\"og:image:height\" content=\"1080\" \/>\n\t<meta property=\"og:image:type\" content=\"image\/png\" \/>\n<meta name=\"twitter:card\" content=\"summary_large_image\" \/>\n<meta name=\"twitter:label1\" content=\"Dur\u00e9e de lecture estim\u00e9e\" \/>\n\t<meta name=\"twitter:data1\" content=\"2 minutes\" \/>\n<script type=\"application\/ld+json\" class=\"yoast-schema-graph\">{\"@context\":\"https:\/\/schema.org\",\"@graph\":[{\"@type\":\"WebPage\",\"@id\":\"https:\/\/puppymaroc.webmarocagency.com\/?product=ownat-classique-kitten-riche-en-poulet-400-g\",\"url\":\"https:\/\/puppymaroc.webmarocagency.com\/?product=ownat-classique-kitten-riche-en-poulet-400-g\",\"name\":\"OWNAT CLASSIQUE KITTEN RICHE EN POULET 400 G - puppymaroc.com\",\"isPartOf\":{\"@id\":\"https:\/\/puppymaroc.webmarocagency.com\/#website\"},\"primaryImageOfPage\":{\"@id\":\"https:\/\/puppymaroc.webmarocagency.com\/?product=ownat-classique-kitten-riche-en-poulet-400-g#primaryimage\"},\"image\":{\"@id\":\"https:\/\/puppymaroc.webmarocagency.com\/?product=ownat-classique-kitten-riche-en-poulet-400-g#primaryimage\"},\"thumbnailUrl\":\"https:\/\/puppymaroc.webmarocagency.com\/wp-content\/uploads\/2024\/09\/sdfghj.png\",\"datePublished\":\"2024-09-20T14:46:46+00:00\",\"dateModified\":\"2024-09-20T14:53:05+00:00\",\"description\":\"Convient aux chatons de 1 \u00e0 12 mois, qui est formul\u00e9 avec une haute teneur en calories et de prot\u00e9ines pour r\u00e9pondre aux exigences \u00e9lev\u00e9es de l'organisme en d\u00e9veloppement. Avec un accent sur la s\u00e9curit\u00e9 gastro-intestinale gr\u00e2ce aux prot\u00e9ines de la viande fra\u00eeche et des fructo-oligosaccharides qui favorisent l'\u00e9quilibre intestinal.\",\"breadcrumb\":{\"@id\":\"https:\/\/puppymaroc.webmarocagency.com\/?product=ownat-classique-kitten-riche-en-poulet-400-g#breadcrumb\"},\"inLanguage\":\"fr-FR\",\"potentialAction\":[{\"@type\":\"ReadAction\",\"target\":[\"https:\/\/puppymaroc.webmarocagency.com\/?product=ownat-classique-kitten-riche-en-poulet-400-g\"]}]},{\"@type\":\"ImageObject\",\"inLanguage\":\"fr-FR\",\"@id\":\"https:\/\/puppymaroc.webmarocagency.com\/?product=ownat-classique-kitten-riche-en-poulet-400-g#primaryimage\",\"url\":\"https:\/\/puppymaroc.webmarocagency.com\/wp-content\/uploads\/2024\/09\/sdfghj.png\",\"contentUrl\":\"https:\/\/puppymaroc.webmarocagency.com\/wp-content\/uploads\/2024\/09\/sdfghj.png\",\"width\":1080,\"height\":1080},{\"@type\":\"BreadcrumbList\",\"@id\":\"https:\/\/puppymaroc.webmarocagency.com\/?product=ownat-classique-kitten-riche-en-poulet-400-g#breadcrumb\",\"itemListElement\":[{\"@type\":\"ListItem\",\"position\":1,\"name\":\"Accueil\",\"item\":\"https:\/\/puppymaroc.webmarocagency.com\/\"},{\"@type\":\"ListItem\",\"position\":2,\"name\":\"Produit\",\"item\":\"https:\/\/puppymaroc.webmarocagency.com\/?page_id=1561\"},{\"@type\":\"ListItem\",\"position\":3,\"name\":\"OWNAT CLASSIQUE KITTEN RICHE EN POULET 400 G\"}]},{\"@type\":\"WebSite\",\"@id\":\"https:\/\/puppymaroc.webmarocagency.com\/#website\",\"url\":\"https:\/\/puppymaroc.webmarocagency.com\/\",\"name\":\"puppymaroc.com\",\"description\":\"puppymaroc\",\"publisher\":{\"@id\":\"https:\/\/puppymaroc.webmarocagency.com\/#organization\"},\"potentialAction\":[{\"@type\":\"SearchAction\",\"target\":{\"@type\":\"EntryPoint\",\"urlTemplate\":\"https:\/\/puppymaroc.webmarocagency.com\/?s={search_term_string}\"},\"query-input\":{\"@type\":\"PropertyValueSpecification\",\"valueRequired\":true,\"valueName\":\"search_term_string\"}}],\"inLanguage\":\"fr-FR\"},{\"@type\":\"Organization\",\"@id\":\"https:\/\/puppymaroc.webmarocagency.com\/#organization\",\"name\":\"puppymaroc.com\",\"url\":\"https:\/\/puppymaroc.webmarocagency.com\/\",\"logo\":{\"@type\":\"ImageObject\",\"inLanguage\":\"fr-FR\",\"@id\":\"https:\/\/puppymaroc.webmarocagency.com\/#\/schema\/logo\/image\/\",\"url\":\"https:\/\/puppymaroc.webmarocagency.com\/wp-content\/uploads\/2024\/02\/cropped-cropped-puppy-maroc-logo-rmv-2.png\",\"contentUrl\":\"https:\/\/puppymaroc.webmarocagency.com\/wp-content\/uploads\/2024\/02\/cropped-cropped-puppy-maroc-logo-rmv-2.png\",\"width\":958,\"height\":920,\"caption\":\"puppymaroc.com\"},\"image\":{\"@id\":\"https:\/\/puppymaroc.webmarocagency.com\/#\/schema\/logo\/image\/\"},\"sameAs\":[\"https:\/\/www.facebook.com\/PuppyMaroc?mibextid=ZbWKwL\"]}]}<\/script>\n<!-- \/ Yoast SEO plugin. -->","yoast_head_json":{"title":"OWNAT CLASSIQUE KITTEN RICHE EN POULET 400 G - puppymaroc.com","description":"Convient aux chatons de 1 \u00e0 12 mois, qui est formul\u00e9 avec une haute teneur en calories et de prot\u00e9ines pour r\u00e9pondre aux exigences \u00e9lev\u00e9es de l'organisme en d\u00e9veloppement. Avec un accent sur la s\u00e9curit\u00e9 gastro-intestinale gr\u00e2ce aux prot\u00e9ines de la viande fra\u00eeche et des fructo-oligosaccharides qui favorisent l'\u00e9quilibre intestinal.","robots":{"index":"index","follow":"follow","max-snippet":"max-snippet:-1","max-image-preview":"max-image-preview:large","max-video-preview":"max-video-preview:-1"},"canonical":"https:\/\/puppymaroc.webmarocagency.com\/?product=ownat-classique-kitten-riche-en-poulet-400-g","og_locale":"fr_FR","og_type":"article","og_title":"OWNAT CLASSIQUE KITTEN RICHE EN POULET 400 G - puppymaroc.com","og_description":"Convient aux chatons de 1 \u00e0 12 mois, qui est formul\u00e9 avec une haute teneur en calories et de prot\u00e9ines pour r\u00e9pondre aux exigences \u00e9lev\u00e9es de l'organisme en d\u00e9veloppement. Avec un accent sur la s\u00e9curit\u00e9 gastro-intestinale gr\u00e2ce aux prot\u00e9ines de la viande fra\u00eeche et des fructo-oligosaccharides qui favorisent l'\u00e9quilibre intestinal.","og_url":"https:\/\/puppymaroc.webmarocagency.com\/?product=ownat-classique-kitten-riche-en-poulet-400-g","og_site_name":"puppymaroc.com","article_publisher":"https:\/\/www.facebook.com\/PuppyMaroc?mibextid=ZbWKwL","article_modified_time":"2024-09-20T14:53:05+00:00","og_image":[{"width":1080,"height":1080,"url":"https:\/\/puppymaroc.webmarocagency.com\/wp-content\/uploads\/2024\/09\/sdfghj.png","type":"image\/png"}],"twitter_card":"summary_large_image","twitter_misc":{"Dur\u00e9e de lecture estim\u00e9e":"2 minutes"},"schema":{"@context":"https:\/\/schema.org","@graph":[{"@type":"WebPage","@id":"https:\/\/puppymaroc.webmarocagency.com\/?product=ownat-classique-kitten-riche-en-poulet-400-g","url":"https:\/\/puppymaroc.webmarocagency.com\/?product=ownat-classique-kitten-riche-en-poulet-400-g","name":"OWNAT CLASSIQUE KITTEN RICHE EN POULET 400 G - puppymaroc.com","isPartOf":{"@id":"https:\/\/puppymaroc.webmarocagency.com\/#website"},"primaryImageOfPage":{"@id":"https:\/\/puppymaroc.webmarocagency.com\/?product=ownat-classique-kitten-riche-en-poulet-400-g#primaryimage"},"image":{"@id":"https:\/\/puppymaroc.webmarocagency.com\/?product=ownat-classique-kitten-riche-en-poulet-400-g#primaryimage"},"thumbnailUrl":"https:\/\/puppymaroc.webmarocagency.com\/wp-content\/uploads\/2024\/09\/sdfghj.png","datePublished":"2024-09-20T14:46:46+00:00","dateModified":"2024-09-20T14:53:05+00:00","description":"Convient aux chatons de 1 \u00e0 12 mois, qui est formul\u00e9 avec une haute teneur en calories et de prot\u00e9ines pour r\u00e9pondre aux exigences \u00e9lev\u00e9es de l'organisme en d\u00e9veloppement. Avec un accent sur la s\u00e9curit\u00e9 gastro-intestinale gr\u00e2ce aux prot\u00e9ines de la viande fra\u00eeche et des fructo-oligosaccharides qui favorisent l'\u00e9quilibre intestinal.","breadcrumb":{"@id":"https:\/\/puppymaroc.webmarocagency.com\/?product=ownat-classique-kitten-riche-en-poulet-400-g#breadcrumb"},"inLanguage":"fr-FR","potentialAction":[{"@type":"ReadAction","target":["https:\/\/puppymaroc.webmarocagency.com\/?product=ownat-classique-kitten-riche-en-poulet-400-g"]}]},{"@type":"ImageObject","inLanguage":"fr-FR","@id":"https:\/\/puppymaroc.webmarocagency.com\/?product=ownat-classique-kitten-riche-en-poulet-400-g#primaryimage","url":"https:\/\/puppymaroc.webmarocagency.com\/wp-content\/uploads\/2024\/09\/sdfghj.png","contentUrl":"https:\/\/puppymaroc.webmarocagency.com\/wp-content\/uploads\/2024\/09\/sdfghj.png","width":1080,"height":1080},{"@type":"BreadcrumbList","@id":"https:\/\/puppymaroc.webmarocagency.com\/?product=ownat-classique-kitten-riche-en-poulet-400-g#breadcrumb","itemListElement":[{"@type":"ListItem","position":1,"name":"Accueil","item":"https:\/\/puppymaroc.webmarocagency.com\/"},{"@type":"ListItem","position":2,"name":"Produit","item":"https:\/\/puppymaroc.webmarocagency.com\/?page_id=1561"},{"@type":"ListItem","position":3,"name":"OWNAT CLASSIQUE KITTEN RICHE EN POULET 400 G"}]},{"@type":"WebSite","@id":"https:\/\/puppymaroc.webmarocagency.com\/#website","url":"https:\/\/puppymaroc.webmarocagency.com\/","name":"puppymaroc.com","description":"puppymaroc","publisher":{"@id":"https:\/\/puppymaroc.webmarocagency.com\/#organization"},"potentialAction":[{"@type":"SearchAction","target":{"@type":"EntryPoint","urlTemplate":"https:\/\/puppymaroc.webmarocagency.com\/?s={search_term_string}"},"query-input":{"@type":"PropertyValueSpecification","valueRequired":true,"valueName":"search_term_string"}}],"inLanguage":"fr-FR"},{"@type":"Organization","@id":"https:\/\/puppymaroc.webmarocagency.com\/#organization","name":"puppymaroc.com","url":"https:\/\/puppymaroc.webmarocagency.com\/","logo":{"@type":"ImageObject","inLanguage":"fr-FR","@id":"https:\/\/puppymaroc.webmarocagency.com\/#\/schema\/logo\/image\/","url":"https:\/\/puppymaroc.webmarocagency.com\/wp-content\/uploads\/2024\/02\/cropped-cropped-puppy-maroc-logo-rmv-2.png","contentUrl":"https:\/\/puppymaroc.webmarocagency.com\/wp-content\/uploads\/2024\/02\/cropped-cropped-puppy-maroc-logo-rmv-2.png","width":958,"height":920,"caption":"puppymaroc.com"},"image":{"@id":"https:\/\/puppymaroc.webmarocagency.com\/#\/schema\/logo\/image\/"},"sameAs":["https:\/\/www.facebook.com\/PuppyMaroc?mibextid=ZbWKwL"]}]}},"_links":{"self":[{"href":"https:\/\/puppymaroc.webmarocagency.com\/index.php?rest_route=\/wp\/v2\/product\/2096","targetHints":{"allow":["GET"]}}],"collection":[{"href":"https:\/\/puppymaroc.webmarocagency.com\/index.php?rest_route=\/wp\/v2\/product"}],"about":[{"href":"https:\/\/puppymaroc.webmarocagency.com\/index.php?rest_route=\/wp\/v2\/types\/product"}],"replies":[{"embeddable":true,"href":"https:\/\/puppymaroc.webmarocagency.com\/index.php?rest_route=%2Fwp%2Fv2%2Fcomments&post=2096"}],"wp:featuredmedia":[{"embeddable":true,"href":"https:\/\/puppymaroc.webmarocagency.com\/index.php?rest_route=\/wp\/v2\/media\/2098"}],"wp:attachment":[{"href":"https:\/\/puppymaroc.webmarocagency.com\/index.php?rest_route=%2Fwp%2Fv2%2Fmedia&parent=2096"}],"wp:term":[{"taxonomy":"product_brand","embeddable":true,"href":"https:\/\/puppymaroc.webmarocagency.com\/index.php?rest_route=%2Fwp%2Fv2%2Fproduct_brand&post=2096"},{"taxonomy":"product_cat","embeddable":true,"href":"https:\/\/puppymaroc.webmarocagency.com\/index.php?rest_route=%2Fwp%2Fv2%2Fproduct_cat&post=2096"},{"taxonomy":"product_tag","embeddable":true,"href":"https:\/\/puppymaroc.webmarocagency.com\/index.php?rest_route=%2Fwp%2Fv2%2Fproduct_tag&post=2096"}],"curies":[{"name":"wp","href":"https:\/\/api.w.org\/{rel}","templated":true}]}}