{"id":2234,"date":"2024-09-21T23:24:48","date_gmt":"2024-09-21T22:24:48","guid":{"rendered":"https:\/\/puppymaroc.com\/?post_type=product&#038;p=2234"},"modified":"2024-12-10T23:43:32","modified_gmt":"2024-12-10T22:43:32","slug":"transport-plastique-skudo-5-iata-gris-79x585x65cm","status":"publish","type":"product","link":"https:\/\/puppymaroc.webmarocagency.com\/?product=transport-plastique-skudo-5-iata-gris-79x585x65cm","title":{"rendered":"Transport plastique Skudo 5 Iata gris 79&#215;58,5x65cm"},"content":{"rendered":"<div>Marque:\u00a0<strong>MPS<\/strong><\/div>\n<div>Code article:\u00a0<strong>9234<\/strong><\/div>\n<div>Couleur:\u00a0<strong>Blanc,\u00a0<\/strong><strong>Gris<\/strong><\/div>\n<div>Animal:\u00a0<strong>Chien<\/strong><\/div>\n<div>Largeur:\u00a0<strong>58,5<\/strong>\u00a0cm<\/div>\n<div>Hauteur:\u00a0<strong>65<\/strong>\u00a0cm<\/div>\n<div>Poids net:\u00a0<strong>7,5<\/strong>\u00a0kg<\/div>\n<div>Type:\u00a0<strong>Box de transport<\/strong><\/div>\n<div>Mat\u00e9riau:\u00a0<strong>M\u00e9tal,\u00a0<\/strong><strong>Plastique<\/strong><\/div>\n<div>Caract\u00e9ristique:\u00a0<strong>Avec 1 porte,\u00a0<\/strong><strong>Convient au transport a\u00e9rien<\/strong><\/div>\n<div>EAN code:\u00a0<strong>8022967036177<\/strong><\/div>\n","protected":false},"excerpt":{"rendered":"<p class=\"mb-0 font-bold\">Description<\/p>\n<div class=\"rte\">\n<p>Le panier de transport Skudo Iata est d&rsquo;une tr\u00e8s grande qualit\u00e9. Il vous permettra de transporter votre chien ou votre chat facilement et en toute s\u00e9curit\u00e9.<\/p>\n<p>La cage de transport respecte la norme I.A.T.A. ( International Air Transport Association) qui vous authorise \u00e0 voyager avec votre animal en avion.<\/p>\n<p>Le panier de transport poss\u00e8de un porte en acier galvanis\u00e9 avec un syst\u00e8me de verrouillage \u00e0 2 serrures, pour garantir une s\u00e9curit\u00e9 maximale. Roulettes disponibles s\u00e9par\u00e9ment 8389<\/p>\n<p>La cage de transport est pourvue de nombreux espaces de ventilation pour une circulation optimale de l&rsquo;air.<\/p>\n<\/div>\n","protected":false},"featured_media":2235,"comment_status":"open","ping_status":"closed","template":"","meta":[],"product_brand":[],"product_cat":[59,15],"product_tag":[],"class_list":{"0":"post-2234","1":"product","2":"type-product","3":"status-publish","4":"has-post-thumbnail","6":"product_cat-accessories-chien","7":"product_cat-accesoires","9":"first","10":"instock","11":"sale","12":"shipping-taxable","13":"purchasable","14":"product-type-simple"},"yoast_head":"<!-- This site is optimized with the Yoast SEO plugin v25.8 - https:\/\/yoast.com\/wordpress\/plugins\/seo\/ -->\n<title>Transport plastique Skudo 5 Iata gris 79x58,5x65cm - puppymaroc.com<\/title>\n<meta name=\"description\" content=\"DescriptionLe panier de transport Skudo Iata est d&#039;une tr\u00e8s grande qualit\u00e9. Il vous permettra de transporter votre chien ou votre chat facilement et en toute s\u00e9curit\u00e9.La cage de transport respecte la norme I.A.T.A. ( International Air Transport Association) qui vous authorise \u00e0 voyager avec votre animal en avion.Le panier de transport poss\u00e8de un porte en acier galvanis\u00e9 avec un syst\u00e8me de verrouillage \u00e0 2 serrures, pour garantir une s\u00e9curit\u00e9 maximale. Roulettes disponibles s\u00e9par\u00e9ment 8389La cage de transport est pourvue de nombreux espaces de ventilation pour une circulation optimale de l&#039;air.\" \/>\n<meta name=\"robots\" content=\"index, follow, max-snippet:-1, max-image-preview:large, max-video-preview:-1\" \/>\n<link rel=\"canonical\" href=\"https:\/\/puppymaroc.webmarocagency.com\/?product=transport-plastique-skudo-5-iata-gris-79x585x65cm\" \/>\n<meta property=\"og:locale\" content=\"fr_FR\" \/>\n<meta property=\"og:type\" content=\"article\" \/>\n<meta property=\"og:title\" content=\"Transport plastique Skudo 5 Iata gris 79x58,5x65cm - puppymaroc.com\" \/>\n<meta property=\"og:description\" content=\"DescriptionLe panier de transport Skudo Iata est d&#039;une tr\u00e8s grande qualit\u00e9. Il vous permettra de transporter votre chien ou votre chat facilement et en toute s\u00e9curit\u00e9.La cage de transport respecte la norme I.A.T.A. ( International Air Transport Association) qui vous authorise \u00e0 voyager avec votre animal en avion.Le panier de transport poss\u00e8de un porte en acier galvanis\u00e9 avec un syst\u00e8me de verrouillage \u00e0 2 serrures, pour garantir une s\u00e9curit\u00e9 maximale. Roulettes disponibles s\u00e9par\u00e9ment 8389La cage de transport est pourvue de nombreux espaces de ventilation pour une circulation optimale de l&#039;air.\" \/>\n<meta property=\"og:url\" content=\"https:\/\/puppymaroc.webmarocagency.com\/?product=transport-plastique-skudo-5-iata-gris-79x585x65cm\" \/>\n<meta property=\"og:site_name\" content=\"puppymaroc.com\" \/>\n<meta property=\"article:publisher\" content=\"https:\/\/www.facebook.com\/PuppyMaroc?mibextid=ZbWKwL\" \/>\n<meta property=\"article:modified_time\" content=\"2024-12-10T22:43:32+00:00\" \/>\n<meta property=\"og:image\" content=\"https:\/\/puppymaroc.webmarocagency.com\/wp-content\/uploads\/2024\/09\/background-puppy-maroc-48.png\" \/>\n\t<meta property=\"og:image:width\" content=\"1080\" \/>\n\t<meta property=\"og:image:height\" content=\"1080\" \/>\n\t<meta property=\"og:image:type\" content=\"image\/png\" \/>\n<meta name=\"twitter:card\" content=\"summary_large_image\" \/>\n<meta name=\"twitter:label1\" content=\"Dur\u00e9e de lecture estim\u00e9e\" \/>\n\t<meta name=\"twitter:data1\" content=\"1 minute\" \/>\n<script type=\"application\/ld+json\" class=\"yoast-schema-graph\">{\"@context\":\"https:\/\/schema.org\",\"@graph\":[{\"@type\":\"WebPage\",\"@id\":\"https:\/\/puppymaroc.webmarocagency.com\/?product=transport-plastique-skudo-5-iata-gris-79x585x65cm\",\"url\":\"https:\/\/puppymaroc.webmarocagency.com\/?product=transport-plastique-skudo-5-iata-gris-79x585x65cm\",\"name\":\"Transport plastique Skudo 5 Iata gris 79x58,5x65cm - puppymaroc.com\",\"isPartOf\":{\"@id\":\"https:\/\/puppymaroc.webmarocagency.com\/#website\"},\"primaryImageOfPage\":{\"@id\":\"https:\/\/puppymaroc.webmarocagency.com\/?product=transport-plastique-skudo-5-iata-gris-79x585x65cm#primaryimage\"},\"image\":{\"@id\":\"https:\/\/puppymaroc.webmarocagency.com\/?product=transport-plastique-skudo-5-iata-gris-79x585x65cm#primaryimage\"},\"thumbnailUrl\":\"https:\/\/puppymaroc.webmarocagency.com\/wp-content\/uploads\/2024\/09\/background-puppy-maroc-48.png\",\"datePublished\":\"2024-09-21T22:24:48+00:00\",\"dateModified\":\"2024-12-10T22:43:32+00:00\",\"description\":\"DescriptionLe panier de transport Skudo Iata est d'une tr\u00e8s grande qualit\u00e9. Il vous permettra de transporter votre chien ou votre chat facilement et en toute s\u00e9curit\u00e9.La cage de transport respecte la norme I.A.T.A. ( International Air Transport Association) qui vous authorise \u00e0 voyager avec votre animal en avion.Le panier de transport poss\u00e8de un porte en acier galvanis\u00e9 avec un syst\u00e8me de verrouillage \u00e0 2 serrures, pour garantir une s\u00e9curit\u00e9 maximale. Roulettes disponibles s\u00e9par\u00e9ment 8389La cage de transport est pourvue de nombreux espaces de ventilation pour une circulation optimale de l'air.\",\"breadcrumb\":{\"@id\":\"https:\/\/puppymaroc.webmarocagency.com\/?product=transport-plastique-skudo-5-iata-gris-79x585x65cm#breadcrumb\"},\"inLanguage\":\"fr-FR\",\"potentialAction\":[{\"@type\":\"ReadAction\",\"target\":[\"https:\/\/puppymaroc.webmarocagency.com\/?product=transport-plastique-skudo-5-iata-gris-79x585x65cm\"]}]},{\"@type\":\"ImageObject\",\"inLanguage\":\"fr-FR\",\"@id\":\"https:\/\/puppymaroc.webmarocagency.com\/?product=transport-plastique-skudo-5-iata-gris-79x585x65cm#primaryimage\",\"url\":\"https:\/\/puppymaroc.webmarocagency.com\/wp-content\/uploads\/2024\/09\/background-puppy-maroc-48.png\",\"contentUrl\":\"https:\/\/puppymaroc.webmarocagency.com\/wp-content\/uploads\/2024\/09\/background-puppy-maroc-48.png\",\"width\":1080,\"height\":1080},{\"@type\":\"BreadcrumbList\",\"@id\":\"https:\/\/puppymaroc.webmarocagency.com\/?product=transport-plastique-skudo-5-iata-gris-79x585x65cm#breadcrumb\",\"itemListElement\":[{\"@type\":\"ListItem\",\"position\":1,\"name\":\"Accueil\",\"item\":\"https:\/\/puppymaroc.webmarocagency.com\/\"},{\"@type\":\"ListItem\",\"position\":2,\"name\":\"Produit\",\"item\":\"https:\/\/puppymaroc.webmarocagency.com\/?page_id=1561\"},{\"@type\":\"ListItem\",\"position\":3,\"name\":\"Transport plastique Skudo 5 Iata gris 79&#215;58,5x65cm\"}]},{\"@type\":\"WebSite\",\"@id\":\"https:\/\/puppymaroc.webmarocagency.com\/#website\",\"url\":\"https:\/\/puppymaroc.webmarocagency.com\/\",\"name\":\"puppymaroc.com\",\"description\":\"puppymaroc\",\"publisher\":{\"@id\":\"https:\/\/puppymaroc.webmarocagency.com\/#organization\"},\"potentialAction\":[{\"@type\":\"SearchAction\",\"target\":{\"@type\":\"EntryPoint\",\"urlTemplate\":\"https:\/\/puppymaroc.webmarocagency.com\/?s={search_term_string}\"},\"query-input\":{\"@type\":\"PropertyValueSpecification\",\"valueRequired\":true,\"valueName\":\"search_term_string\"}}],\"inLanguage\":\"fr-FR\"},{\"@type\":\"Organization\",\"@id\":\"https:\/\/puppymaroc.webmarocagency.com\/#organization\",\"name\":\"puppymaroc.com\",\"url\":\"https:\/\/puppymaroc.webmarocagency.com\/\",\"logo\":{\"@type\":\"ImageObject\",\"inLanguage\":\"fr-FR\",\"@id\":\"https:\/\/puppymaroc.webmarocagency.com\/#\/schema\/logo\/image\/\",\"url\":\"https:\/\/puppymaroc.webmarocagency.com\/wp-content\/uploads\/2024\/02\/cropped-cropped-puppy-maroc-logo-rmv-2.png\",\"contentUrl\":\"https:\/\/puppymaroc.webmarocagency.com\/wp-content\/uploads\/2024\/02\/cropped-cropped-puppy-maroc-logo-rmv-2.png\",\"width\":958,\"height\":920,\"caption\":\"puppymaroc.com\"},\"image\":{\"@id\":\"https:\/\/puppymaroc.webmarocagency.com\/#\/schema\/logo\/image\/\"},\"sameAs\":[\"https:\/\/www.facebook.com\/PuppyMaroc?mibextid=ZbWKwL\"]}]}<\/script>\n<!-- \/ Yoast SEO plugin. -->","yoast_head_json":{"title":"Transport plastique Skudo 5 Iata gris 79x58,5x65cm - puppymaroc.com","description":"DescriptionLe panier de transport Skudo Iata est d'une tr\u00e8s grande qualit\u00e9. Il vous permettra de transporter votre chien ou votre chat facilement et en toute s\u00e9curit\u00e9.La cage de transport respecte la norme I.A.T.A. ( International Air Transport Association) qui vous authorise \u00e0 voyager avec votre animal en avion.Le panier de transport poss\u00e8de un porte en acier galvanis\u00e9 avec un syst\u00e8me de verrouillage \u00e0 2 serrures, pour garantir une s\u00e9curit\u00e9 maximale. Roulettes disponibles s\u00e9par\u00e9ment 8389La cage de transport est pourvue de nombreux espaces de ventilation pour une circulation optimale de l'air.","robots":{"index":"index","follow":"follow","max-snippet":"max-snippet:-1","max-image-preview":"max-image-preview:large","max-video-preview":"max-video-preview:-1"},"canonical":"https:\/\/puppymaroc.webmarocagency.com\/?product=transport-plastique-skudo-5-iata-gris-79x585x65cm","og_locale":"fr_FR","og_type":"article","og_title":"Transport plastique Skudo 5 Iata gris 79x58,5x65cm - puppymaroc.com","og_description":"DescriptionLe panier de transport Skudo Iata est d'une tr\u00e8s grande qualit\u00e9. Il vous permettra de transporter votre chien ou votre chat facilement et en toute s\u00e9curit\u00e9.La cage de transport respecte la norme I.A.T.A. ( International Air Transport Association) qui vous authorise \u00e0 voyager avec votre animal en avion.Le panier de transport poss\u00e8de un porte en acier galvanis\u00e9 avec un syst\u00e8me de verrouillage \u00e0 2 serrures, pour garantir une s\u00e9curit\u00e9 maximale. Roulettes disponibles s\u00e9par\u00e9ment 8389La cage de transport est pourvue de nombreux espaces de ventilation pour une circulation optimale de l'air.","og_url":"https:\/\/puppymaroc.webmarocagency.com\/?product=transport-plastique-skudo-5-iata-gris-79x585x65cm","og_site_name":"puppymaroc.com","article_publisher":"https:\/\/www.facebook.com\/PuppyMaroc?mibextid=ZbWKwL","article_modified_time":"2024-12-10T22:43:32+00:00","og_image":[{"width":1080,"height":1080,"url":"https:\/\/puppymaroc.webmarocagency.com\/wp-content\/uploads\/2024\/09\/background-puppy-maroc-48.png","type":"image\/png"}],"twitter_card":"summary_large_image","twitter_misc":{"Dur\u00e9e de lecture estim\u00e9e":"1 minute"},"schema":{"@context":"https:\/\/schema.org","@graph":[{"@type":"WebPage","@id":"https:\/\/puppymaroc.webmarocagency.com\/?product=transport-plastique-skudo-5-iata-gris-79x585x65cm","url":"https:\/\/puppymaroc.webmarocagency.com\/?product=transport-plastique-skudo-5-iata-gris-79x585x65cm","name":"Transport plastique Skudo 5 Iata gris 79x58,5x65cm - puppymaroc.com","isPartOf":{"@id":"https:\/\/puppymaroc.webmarocagency.com\/#website"},"primaryImageOfPage":{"@id":"https:\/\/puppymaroc.webmarocagency.com\/?product=transport-plastique-skudo-5-iata-gris-79x585x65cm#primaryimage"},"image":{"@id":"https:\/\/puppymaroc.webmarocagency.com\/?product=transport-plastique-skudo-5-iata-gris-79x585x65cm#primaryimage"},"thumbnailUrl":"https:\/\/puppymaroc.webmarocagency.com\/wp-content\/uploads\/2024\/09\/background-puppy-maroc-48.png","datePublished":"2024-09-21T22:24:48+00:00","dateModified":"2024-12-10T22:43:32+00:00","description":"DescriptionLe panier de transport Skudo Iata est d'une tr\u00e8s grande qualit\u00e9. Il vous permettra de transporter votre chien ou votre chat facilement et en toute s\u00e9curit\u00e9.La cage de transport respecte la norme I.A.T.A. ( International Air Transport Association) qui vous authorise \u00e0 voyager avec votre animal en avion.Le panier de transport poss\u00e8de un porte en acier galvanis\u00e9 avec un syst\u00e8me de verrouillage \u00e0 2 serrures, pour garantir une s\u00e9curit\u00e9 maximale. Roulettes disponibles s\u00e9par\u00e9ment 8389La cage de transport est pourvue de nombreux espaces de ventilation pour une circulation optimale de l'air.","breadcrumb":{"@id":"https:\/\/puppymaroc.webmarocagency.com\/?product=transport-plastique-skudo-5-iata-gris-79x585x65cm#breadcrumb"},"inLanguage":"fr-FR","potentialAction":[{"@type":"ReadAction","target":["https:\/\/puppymaroc.webmarocagency.com\/?product=transport-plastique-skudo-5-iata-gris-79x585x65cm"]}]},{"@type":"ImageObject","inLanguage":"fr-FR","@id":"https:\/\/puppymaroc.webmarocagency.com\/?product=transport-plastique-skudo-5-iata-gris-79x585x65cm#primaryimage","url":"https:\/\/puppymaroc.webmarocagency.com\/wp-content\/uploads\/2024\/09\/background-puppy-maroc-48.png","contentUrl":"https:\/\/puppymaroc.webmarocagency.com\/wp-content\/uploads\/2024\/09\/background-puppy-maroc-48.png","width":1080,"height":1080},{"@type":"BreadcrumbList","@id":"https:\/\/puppymaroc.webmarocagency.com\/?product=transport-plastique-skudo-5-iata-gris-79x585x65cm#breadcrumb","itemListElement":[{"@type":"ListItem","position":1,"name":"Accueil","item":"https:\/\/puppymaroc.webmarocagency.com\/"},{"@type":"ListItem","position":2,"name":"Produit","item":"https:\/\/puppymaroc.webmarocagency.com\/?page_id=1561"},{"@type":"ListItem","position":3,"name":"Transport plastique Skudo 5 Iata gris 79&#215;58,5x65cm"}]},{"@type":"WebSite","@id":"https:\/\/puppymaroc.webmarocagency.com\/#website","url":"https:\/\/puppymaroc.webmarocagency.com\/","name":"puppymaroc.com","description":"puppymaroc","publisher":{"@id":"https:\/\/puppymaroc.webmarocagency.com\/#organization"},"potentialAction":[{"@type":"SearchAction","target":{"@type":"EntryPoint","urlTemplate":"https:\/\/puppymaroc.webmarocagency.com\/?s={search_term_string}"},"query-input":{"@type":"PropertyValueSpecification","valueRequired":true,"valueName":"search_term_string"}}],"inLanguage":"fr-FR"},{"@type":"Organization","@id":"https:\/\/puppymaroc.webmarocagency.com\/#organization","name":"puppymaroc.com","url":"https:\/\/puppymaroc.webmarocagency.com\/","logo":{"@type":"ImageObject","inLanguage":"fr-FR","@id":"https:\/\/puppymaroc.webmarocagency.com\/#\/schema\/logo\/image\/","url":"https:\/\/puppymaroc.webmarocagency.com\/wp-content\/uploads\/2024\/02\/cropped-cropped-puppy-maroc-logo-rmv-2.png","contentUrl":"https:\/\/puppymaroc.webmarocagency.com\/wp-content\/uploads\/2024\/02\/cropped-cropped-puppy-maroc-logo-rmv-2.png","width":958,"height":920,"caption":"puppymaroc.com"},"image":{"@id":"https:\/\/puppymaroc.webmarocagency.com\/#\/schema\/logo\/image\/"},"sameAs":["https:\/\/www.facebook.com\/PuppyMaroc?mibextid=ZbWKwL"]}]}},"_links":{"self":[{"href":"https:\/\/puppymaroc.webmarocagency.com\/index.php?rest_route=\/wp\/v2\/product\/2234","targetHints":{"allow":["GET"]}}],"collection":[{"href":"https:\/\/puppymaroc.webmarocagency.com\/index.php?rest_route=\/wp\/v2\/product"}],"about":[{"href":"https:\/\/puppymaroc.webmarocagency.com\/index.php?rest_route=\/wp\/v2\/types\/product"}],"replies":[{"embeddable":true,"href":"https:\/\/puppymaroc.webmarocagency.com\/index.php?rest_route=%2Fwp%2Fv2%2Fcomments&post=2234"}],"wp:featuredmedia":[{"embeddable":true,"href":"https:\/\/puppymaroc.webmarocagency.com\/index.php?rest_route=\/wp\/v2\/media\/2235"}],"wp:attachment":[{"href":"https:\/\/puppymaroc.webmarocagency.com\/index.php?rest_route=%2Fwp%2Fv2%2Fmedia&parent=2234"}],"wp:term":[{"taxonomy":"product_brand","embeddable":true,"href":"https:\/\/puppymaroc.webmarocagency.com\/index.php?rest_route=%2Fwp%2Fv2%2Fproduct_brand&post=2234"},{"taxonomy":"product_cat","embeddable":true,"href":"https:\/\/puppymaroc.webmarocagency.com\/index.php?rest_route=%2Fwp%2Fv2%2Fproduct_cat&post=2234"},{"taxonomy":"product_tag","embeddable":true,"href":"https:\/\/puppymaroc.webmarocagency.com\/index.php?rest_route=%2Fwp%2Fv2%2Fproduct_tag&post=2234"}],"curies":[{"name":"wp","href":"https:\/\/api.w.org\/{rel}","templated":true}]}}