{"id":2236,"date":"2024-09-21T23:32:25","date_gmt":"2024-09-21T22:32:25","guid":{"rendered":"https:\/\/puppymaroc.com\/?post_type=product&#038;p=2236"},"modified":"2024-09-21T23:43:18","modified_gmt":"2024-09-21T22:43:18","slug":"2236","status":"publish","type":"product","link":"https:\/\/puppymaroc.webmarocagency.com\/?product=2236","title":{"rendered":"Proline Liti\u00e8re agglom\u00e9rante pour chat Pro Line Liti\u00e8re parfum\u00e9e lavender"},"content":{"rendered":"<header class=\"-pvs -bb\">\n<h4 class=\"-fs20 -m -phm -pvxs\">Fiche technique<\/h4>\n<\/header>\n<div class=\"row -pas\">\n<article class=\"col8 -pvs\">\n<div class=\"card-b -fh\">\n<h4 class=\"hdr -upp -fs14 -m -pam\">Principales caract\u00e9ristiques<\/h4>\n<div class=\"markup -pam\">\n<ul>\n<li>Type de sable<\/li>\n<li>Naturel\u00a0Forme de grain mince<\/li>\n<li>Fonction d&rsquo;odeur, parfum\u00e9e<\/li>\n<\/ul>\n<p><strong>Descriptif technique<\/strong><\/p>\n<\/div>\n<\/div>\n<\/article>\n<article class=\"col8 -pvs\"><\/article>\n<article class=\"col8 -pvs\">\n<div class=\"card-b -fh\">\n<ul class=\"-pvs -mvxs -phm -lsn\">\n<li class=\"-pvxs\"><span class=\"-b\">Gamme de produits<\/span>: Produits pour les chats<\/li>\n<li class=\"-pvxs\"><span class=\"-b\">Mod\u00e8le<\/span>: Liti\u00e8re pro line 2021<\/li>\n<li class=\"-pvxs\"><span class=\"-b\">Pays de production<\/span>: Turkey<\/li>\n<li class=\"-pvxs\"><span class=\"-b\">Taille (Longueur x Largeur x Hauteur cm)<\/span>: 12<\/li>\n<li class=\"-pvxs\"><span class=\"-b\">Poids (kg)<\/span>: 1<\/li>\n<li class=\"-pvxs\"><span class=\"-b\">Couleur<\/span>: mauve<\/li>\n<li class=\"-pvxs\"><span class=\"-b\">Mati\u00e8re principale<\/span>: Liti\u00e8re<\/li>\n<\/ul>\n<\/div>\n<\/article>\n<\/div>\n","protected":false},"excerpt":{"rendered":"<header class=\"-pvs -bb\">\n<h2 class=\"-fs20 -m -phm -pvxs\">D\u00e9tails<\/h2>\n<\/header>\n<div class=\"markup -mhm -pvl -oxa -sc\">La liti\u00e8re agglom\u00e9rante pour chats ne contient aucun produit chimique qui pourrait nuire \u00e0 vous et \u00e0 la sant\u00e9 de votre chat en raison de l&rsquo;utilisation de mati\u00e8res premi\u00e8res 100% naturelles.<br \/>\nPendant la production de liti\u00e8re pour chats Proline, la quantit\u00e9 de poussi\u00e8re est r\u00e9duite au minimum en passant par des processus sp\u00e9ciaux afin d&rsquo;\u00e9viter le d\u00e9poussi\u00e9rage dans l&rsquo;environnement utilis\u00e9 par le consommateur.<br \/>\nGr\u00e2ce \u00e0 ses particules de parfum, il fournit toujours un parfum frais.<\/div>\n","protected":false},"featured_media":2237,"comment_status":"open","ping_status":"closed","template":"","meta":[],"product_brand":[],"product_cat":[74],"product_tag":[],"class_list":{"0":"post-2236","1":"product","2":"type-product","3":"status-publish","4":"has-post-thumbnail","6":"product_cat-alimentation-2","8":"first","9":"instock","10":"shipping-taxable","11":"product-type-simple"},"yoast_head":"<!-- This site is optimized with the Yoast SEO plugin v25.8 - https:\/\/yoast.com\/wordpress\/plugins\/seo\/ -->\n<title>Proline Liti\u00e8re agglom\u00e9rante pour chat Pro Line Liti\u00e8re parfum\u00e9e lavender - puppymaroc.com<\/title>\n<meta name=\"description\" content=\"D\u00e9tailsLa liti\u00e8re agglom\u00e9rante pour chats ne contient aucun produit chimique qui pourrait nuire \u00e0 vous et \u00e0 la sant\u00e9 de votre chat en raison de l&#039;utilisation de mati\u00e8res premi\u00e8res 100% naturelles. Pendant la production de liti\u00e8re pour chats Proline, la quantit\u00e9 de poussi\u00e8re est r\u00e9duite au minimum en passant par des processus sp\u00e9ciaux afin d&#039;\u00e9viter le d\u00e9poussi\u00e9rage dans l&#039;environnement utilis\u00e9 par le consommateur. Gr\u00e2ce \u00e0 ses particules de parfum, il fournit toujours un parfum frais.\" \/>\n<meta name=\"robots\" content=\"index, follow, max-snippet:-1, max-image-preview:large, max-video-preview:-1\" \/>\n<link rel=\"canonical\" href=\"https:\/\/puppymaroc.webmarocagency.com\/?product=2236\" \/>\n<meta property=\"og:locale\" content=\"fr_FR\" \/>\n<meta property=\"og:type\" content=\"article\" \/>\n<meta property=\"og:title\" content=\"Proline Liti\u00e8re agglom\u00e9rante pour chat Pro Line Liti\u00e8re parfum\u00e9e lavender - puppymaroc.com\" \/>\n<meta property=\"og:description\" content=\"D\u00e9tailsLa liti\u00e8re agglom\u00e9rante pour chats ne contient aucun produit chimique qui pourrait nuire \u00e0 vous et \u00e0 la sant\u00e9 de votre chat en raison de l&#039;utilisation de mati\u00e8res premi\u00e8res 100% naturelles. Pendant la production de liti\u00e8re pour chats Proline, la quantit\u00e9 de poussi\u00e8re est r\u00e9duite au minimum en passant par des processus sp\u00e9ciaux afin d&#039;\u00e9viter le d\u00e9poussi\u00e9rage dans l&#039;environnement utilis\u00e9 par le consommateur. Gr\u00e2ce \u00e0 ses particules de parfum, il fournit toujours un parfum frais.\" \/>\n<meta property=\"og:url\" content=\"https:\/\/puppymaroc.webmarocagency.com\/?product=2236\" \/>\n<meta property=\"og:site_name\" content=\"puppymaroc.com\" \/>\n<meta property=\"article:publisher\" content=\"https:\/\/www.facebook.com\/PuppyMaroc?mibextid=ZbWKwL\" \/>\n<meta property=\"article:modified_time\" content=\"2024-09-21T22:43:18+00:00\" \/>\n<meta property=\"og:image\" content=\"https:\/\/puppymaroc.webmarocagency.com\/wp-content\/uploads\/2024\/09\/background-puppy-maroc-49.png\" \/>\n\t<meta property=\"og:image:width\" content=\"1080\" \/>\n\t<meta property=\"og:image:height\" content=\"1080\" \/>\n\t<meta property=\"og:image:type\" content=\"image\/png\" \/>\n<meta name=\"twitter:card\" content=\"summary_large_image\" \/>\n<meta name=\"twitter:label1\" content=\"Dur\u00e9e de lecture estim\u00e9e\" \/>\n\t<meta name=\"twitter:data1\" content=\"1 minute\" \/>\n<script type=\"application\/ld+json\" class=\"yoast-schema-graph\">{\"@context\":\"https:\/\/schema.org\",\"@graph\":[{\"@type\":\"WebPage\",\"@id\":\"https:\/\/puppymaroc.webmarocagency.com\/?product=2236\",\"url\":\"https:\/\/puppymaroc.webmarocagency.com\/?product=2236\",\"name\":\"Proline Liti\u00e8re agglom\u00e9rante pour chat Pro Line Liti\u00e8re parfum\u00e9e lavender - puppymaroc.com\",\"isPartOf\":{\"@id\":\"https:\/\/puppymaroc.webmarocagency.com\/#website\"},\"primaryImageOfPage\":{\"@id\":\"https:\/\/puppymaroc.webmarocagency.com\/?product=2236#primaryimage\"},\"image\":{\"@id\":\"https:\/\/puppymaroc.webmarocagency.com\/?product=2236#primaryimage\"},\"thumbnailUrl\":\"https:\/\/puppymaroc.webmarocagency.com\/wp-content\/uploads\/2024\/09\/background-puppy-maroc-49.png\",\"datePublished\":\"2024-09-21T22:32:25+00:00\",\"dateModified\":\"2024-09-21T22:43:18+00:00\",\"description\":\"D\u00e9tailsLa liti\u00e8re agglom\u00e9rante pour chats ne contient aucun produit chimique qui pourrait nuire \u00e0 vous et \u00e0 la sant\u00e9 de votre chat en raison de l'utilisation de mati\u00e8res premi\u00e8res 100% naturelles. Pendant la production de liti\u00e8re pour chats Proline, la quantit\u00e9 de poussi\u00e8re est r\u00e9duite au minimum en passant par des processus sp\u00e9ciaux afin d'\u00e9viter le d\u00e9poussi\u00e9rage dans l'environnement utilis\u00e9 par le consommateur. Gr\u00e2ce \u00e0 ses particules de parfum, il fournit toujours un parfum frais.\",\"breadcrumb\":{\"@id\":\"https:\/\/puppymaroc.webmarocagency.com\/?product=2236#breadcrumb\"},\"inLanguage\":\"fr-FR\",\"potentialAction\":[{\"@type\":\"ReadAction\",\"target\":[\"https:\/\/puppymaroc.webmarocagency.com\/?product=2236\"]}]},{\"@type\":\"ImageObject\",\"inLanguage\":\"fr-FR\",\"@id\":\"https:\/\/puppymaroc.webmarocagency.com\/?product=2236#primaryimage\",\"url\":\"https:\/\/puppymaroc.webmarocagency.com\/wp-content\/uploads\/2024\/09\/background-puppy-maroc-49.png\",\"contentUrl\":\"https:\/\/puppymaroc.webmarocagency.com\/wp-content\/uploads\/2024\/09\/background-puppy-maroc-49.png\",\"width\":1080,\"height\":1080},{\"@type\":\"BreadcrumbList\",\"@id\":\"https:\/\/puppymaroc.webmarocagency.com\/?product=2236#breadcrumb\",\"itemListElement\":[{\"@type\":\"ListItem\",\"position\":1,\"name\":\"Accueil\",\"item\":\"https:\/\/puppymaroc.webmarocagency.com\/\"},{\"@type\":\"ListItem\",\"position\":2,\"name\":\"Produit\",\"item\":\"https:\/\/puppymaroc.webmarocagency.com\/?page_id=1561\"},{\"@type\":\"ListItem\",\"position\":3,\"name\":\"Proline Liti\u00e8re agglom\u00e9rante pour chat Pro Line Liti\u00e8re parfum\u00e9e lavender\"}]},{\"@type\":\"WebSite\",\"@id\":\"https:\/\/puppymaroc.webmarocagency.com\/#website\",\"url\":\"https:\/\/puppymaroc.webmarocagency.com\/\",\"name\":\"puppymaroc.com\",\"description\":\"puppymaroc\",\"publisher\":{\"@id\":\"https:\/\/puppymaroc.webmarocagency.com\/#organization\"},\"potentialAction\":[{\"@type\":\"SearchAction\",\"target\":{\"@type\":\"EntryPoint\",\"urlTemplate\":\"https:\/\/puppymaroc.webmarocagency.com\/?s={search_term_string}\"},\"query-input\":{\"@type\":\"PropertyValueSpecification\",\"valueRequired\":true,\"valueName\":\"search_term_string\"}}],\"inLanguage\":\"fr-FR\"},{\"@type\":\"Organization\",\"@id\":\"https:\/\/puppymaroc.webmarocagency.com\/#organization\",\"name\":\"puppymaroc.com\",\"url\":\"https:\/\/puppymaroc.webmarocagency.com\/\",\"logo\":{\"@type\":\"ImageObject\",\"inLanguage\":\"fr-FR\",\"@id\":\"https:\/\/puppymaroc.webmarocagency.com\/#\/schema\/logo\/image\/\",\"url\":\"https:\/\/puppymaroc.webmarocagency.com\/wp-content\/uploads\/2024\/02\/cropped-cropped-puppy-maroc-logo-rmv-2.png\",\"contentUrl\":\"https:\/\/puppymaroc.webmarocagency.com\/wp-content\/uploads\/2024\/02\/cropped-cropped-puppy-maroc-logo-rmv-2.png\",\"width\":958,\"height\":920,\"caption\":\"puppymaroc.com\"},\"image\":{\"@id\":\"https:\/\/puppymaroc.webmarocagency.com\/#\/schema\/logo\/image\/\"},\"sameAs\":[\"https:\/\/www.facebook.com\/PuppyMaroc?mibextid=ZbWKwL\"]}]}<\/script>\n<!-- \/ Yoast SEO plugin. -->","yoast_head_json":{"title":"Proline Liti\u00e8re agglom\u00e9rante pour chat Pro Line Liti\u00e8re parfum\u00e9e lavender - puppymaroc.com","description":"D\u00e9tailsLa liti\u00e8re agglom\u00e9rante pour chats ne contient aucun produit chimique qui pourrait nuire \u00e0 vous et \u00e0 la sant\u00e9 de votre chat en raison de l'utilisation de mati\u00e8res premi\u00e8res 100% naturelles. Pendant la production de liti\u00e8re pour chats Proline, la quantit\u00e9 de poussi\u00e8re est r\u00e9duite au minimum en passant par des processus sp\u00e9ciaux afin d'\u00e9viter le d\u00e9poussi\u00e9rage dans l'environnement utilis\u00e9 par le consommateur. Gr\u00e2ce \u00e0 ses particules de parfum, il fournit toujours un parfum frais.","robots":{"index":"index","follow":"follow","max-snippet":"max-snippet:-1","max-image-preview":"max-image-preview:large","max-video-preview":"max-video-preview:-1"},"canonical":"https:\/\/puppymaroc.webmarocagency.com\/?product=2236","og_locale":"fr_FR","og_type":"article","og_title":"Proline Liti\u00e8re agglom\u00e9rante pour chat Pro Line Liti\u00e8re parfum\u00e9e lavender - puppymaroc.com","og_description":"D\u00e9tailsLa liti\u00e8re agglom\u00e9rante pour chats ne contient aucun produit chimique qui pourrait nuire \u00e0 vous et \u00e0 la sant\u00e9 de votre chat en raison de l'utilisation de mati\u00e8res premi\u00e8res 100% naturelles. Pendant la production de liti\u00e8re pour chats Proline, la quantit\u00e9 de poussi\u00e8re est r\u00e9duite au minimum en passant par des processus sp\u00e9ciaux afin d'\u00e9viter le d\u00e9poussi\u00e9rage dans l'environnement utilis\u00e9 par le consommateur. Gr\u00e2ce \u00e0 ses particules de parfum, il fournit toujours un parfum frais.","og_url":"https:\/\/puppymaroc.webmarocagency.com\/?product=2236","og_site_name":"puppymaroc.com","article_publisher":"https:\/\/www.facebook.com\/PuppyMaroc?mibextid=ZbWKwL","article_modified_time":"2024-09-21T22:43:18+00:00","og_image":[{"width":1080,"height":1080,"url":"https:\/\/puppymaroc.webmarocagency.com\/wp-content\/uploads\/2024\/09\/background-puppy-maroc-49.png","type":"image\/png"}],"twitter_card":"summary_large_image","twitter_misc":{"Dur\u00e9e de lecture estim\u00e9e":"1 minute"},"schema":{"@context":"https:\/\/schema.org","@graph":[{"@type":"WebPage","@id":"https:\/\/puppymaroc.webmarocagency.com\/?product=2236","url":"https:\/\/puppymaroc.webmarocagency.com\/?product=2236","name":"Proline Liti\u00e8re agglom\u00e9rante pour chat Pro Line Liti\u00e8re parfum\u00e9e lavender - puppymaroc.com","isPartOf":{"@id":"https:\/\/puppymaroc.webmarocagency.com\/#website"},"primaryImageOfPage":{"@id":"https:\/\/puppymaroc.webmarocagency.com\/?product=2236#primaryimage"},"image":{"@id":"https:\/\/puppymaroc.webmarocagency.com\/?product=2236#primaryimage"},"thumbnailUrl":"https:\/\/puppymaroc.webmarocagency.com\/wp-content\/uploads\/2024\/09\/background-puppy-maroc-49.png","datePublished":"2024-09-21T22:32:25+00:00","dateModified":"2024-09-21T22:43:18+00:00","description":"D\u00e9tailsLa liti\u00e8re agglom\u00e9rante pour chats ne contient aucun produit chimique qui pourrait nuire \u00e0 vous et \u00e0 la sant\u00e9 de votre chat en raison de l'utilisation de mati\u00e8res premi\u00e8res 100% naturelles. Pendant la production de liti\u00e8re pour chats Proline, la quantit\u00e9 de poussi\u00e8re est r\u00e9duite au minimum en passant par des processus sp\u00e9ciaux afin d'\u00e9viter le d\u00e9poussi\u00e9rage dans l'environnement utilis\u00e9 par le consommateur. Gr\u00e2ce \u00e0 ses particules de parfum, il fournit toujours un parfum frais.","breadcrumb":{"@id":"https:\/\/puppymaroc.webmarocagency.com\/?product=2236#breadcrumb"},"inLanguage":"fr-FR","potentialAction":[{"@type":"ReadAction","target":["https:\/\/puppymaroc.webmarocagency.com\/?product=2236"]}]},{"@type":"ImageObject","inLanguage":"fr-FR","@id":"https:\/\/puppymaroc.webmarocagency.com\/?product=2236#primaryimage","url":"https:\/\/puppymaroc.webmarocagency.com\/wp-content\/uploads\/2024\/09\/background-puppy-maroc-49.png","contentUrl":"https:\/\/puppymaroc.webmarocagency.com\/wp-content\/uploads\/2024\/09\/background-puppy-maroc-49.png","width":1080,"height":1080},{"@type":"BreadcrumbList","@id":"https:\/\/puppymaroc.webmarocagency.com\/?product=2236#breadcrumb","itemListElement":[{"@type":"ListItem","position":1,"name":"Accueil","item":"https:\/\/puppymaroc.webmarocagency.com\/"},{"@type":"ListItem","position":2,"name":"Produit","item":"https:\/\/puppymaroc.webmarocagency.com\/?page_id=1561"},{"@type":"ListItem","position":3,"name":"Proline Liti\u00e8re agglom\u00e9rante pour chat Pro Line Liti\u00e8re parfum\u00e9e lavender"}]},{"@type":"WebSite","@id":"https:\/\/puppymaroc.webmarocagency.com\/#website","url":"https:\/\/puppymaroc.webmarocagency.com\/","name":"puppymaroc.com","description":"puppymaroc","publisher":{"@id":"https:\/\/puppymaroc.webmarocagency.com\/#organization"},"potentialAction":[{"@type":"SearchAction","target":{"@type":"EntryPoint","urlTemplate":"https:\/\/puppymaroc.webmarocagency.com\/?s={search_term_string}"},"query-input":{"@type":"PropertyValueSpecification","valueRequired":true,"valueName":"search_term_string"}}],"inLanguage":"fr-FR"},{"@type":"Organization","@id":"https:\/\/puppymaroc.webmarocagency.com\/#organization","name":"puppymaroc.com","url":"https:\/\/puppymaroc.webmarocagency.com\/","logo":{"@type":"ImageObject","inLanguage":"fr-FR","@id":"https:\/\/puppymaroc.webmarocagency.com\/#\/schema\/logo\/image\/","url":"https:\/\/puppymaroc.webmarocagency.com\/wp-content\/uploads\/2024\/02\/cropped-cropped-puppy-maroc-logo-rmv-2.png","contentUrl":"https:\/\/puppymaroc.webmarocagency.com\/wp-content\/uploads\/2024\/02\/cropped-cropped-puppy-maroc-logo-rmv-2.png","width":958,"height":920,"caption":"puppymaroc.com"},"image":{"@id":"https:\/\/puppymaroc.webmarocagency.com\/#\/schema\/logo\/image\/"},"sameAs":["https:\/\/www.facebook.com\/PuppyMaroc?mibextid=ZbWKwL"]}]}},"_links":{"self":[{"href":"https:\/\/puppymaroc.webmarocagency.com\/index.php?rest_route=\/wp\/v2\/product\/2236","targetHints":{"allow":["GET"]}}],"collection":[{"href":"https:\/\/puppymaroc.webmarocagency.com\/index.php?rest_route=\/wp\/v2\/product"}],"about":[{"href":"https:\/\/puppymaroc.webmarocagency.com\/index.php?rest_route=\/wp\/v2\/types\/product"}],"replies":[{"embeddable":true,"href":"https:\/\/puppymaroc.webmarocagency.com\/index.php?rest_route=%2Fwp%2Fv2%2Fcomments&post=2236"}],"wp:featuredmedia":[{"embeddable":true,"href":"https:\/\/puppymaroc.webmarocagency.com\/index.php?rest_route=\/wp\/v2\/media\/2237"}],"wp:attachment":[{"href":"https:\/\/puppymaroc.webmarocagency.com\/index.php?rest_route=%2Fwp%2Fv2%2Fmedia&parent=2236"}],"wp:term":[{"taxonomy":"product_brand","embeddable":true,"href":"https:\/\/puppymaroc.webmarocagency.com\/index.php?rest_route=%2Fwp%2Fv2%2Fproduct_brand&post=2236"},{"taxonomy":"product_cat","embeddable":true,"href":"https:\/\/puppymaroc.webmarocagency.com\/index.php?rest_route=%2Fwp%2Fv2%2Fproduct_cat&post=2236"},{"taxonomy":"product_tag","embeddable":true,"href":"https:\/\/puppymaroc.webmarocagency.com\/index.php?rest_route=%2Fwp%2Fv2%2Fproduct_tag&post=2236"}],"curies":[{"name":"wp","href":"https:\/\/api.w.org\/{rel}","templated":true}]}}