{"id":2276,"date":"2024-09-22T10:39:46","date_gmt":"2024-09-22T09:39:46","guid":{"rendered":"https:\/\/puppymaroc.com\/?post_type=product&#038;p=2276"},"modified":"2024-09-22T10:41:44","modified_gmt":"2024-09-22T09:41:44","slug":"proline-litiere-savon-de-marseille-10l","status":"publish","type":"product","link":"https:\/\/puppymaroc.webmarocagency.com\/?product=proline-litiere-savon-de-marseille-10l","title":{"rendered":"Proline Liti\u00e8re savon de Marseille 10L"},"content":{"rendered":"","protected":false},"excerpt":{"rendered":"<h4 style=\"font-weight: 400;\"><strong>Description<\/strong> :<\/h4>\n<p style=\"font-weight: 400;\">POUSSI\u00c8RE MINIMALE : La liti\u00e8re pour chats Proline est sp\u00e9cialement trait\u00e9e pendant la production afin de minimiser la formation de poussi\u00e8re dans la zone o\u00f9 elle est utilis\u00e9e.<\/p>\n<p style=\"font-weight: 400;\">CARACT\u00c9RISTIQUE ABSORBANTE: La liti\u00e8re pour chat Proline absorbe le liquide rapidement et forme des grumeaux avec une fonction d\u2019agglutination parfaite. Il pr\u00e9vient toutes sortes de contaminations bact\u00e9riennes qui peuvent \u00eatre nocives pour vous ou votre chat<\/p>\n<p style=\"font-weight: 400;\">BLOCAGE DES ODEURS : Tout en bloquant les mauvaises odeurs qui se d\u00e9gagent dans l\u2019environnement, la liti\u00e8re pour chat Proline donne \u00e9galement une odeur fra\u00eeche lorsqu\u2019elle est en contact avec un liquide.<\/p>\n","protected":false},"featured_media":2277,"comment_status":"open","ping_status":"closed","template":"","meta":[],"product_brand":[],"product_cat":[74],"product_tag":[],"class_list":{"0":"post-2276","1":"product","2":"type-product","3":"status-publish","4":"has-post-thumbnail","6":"product_cat-alimentation-2","8":"first","9":"instock","10":"sale","11":"shipping-taxable","12":"purchasable","13":"product-type-simple"},"yoast_head":"<!-- This site is optimized with the Yoast SEO plugin v25.8 - https:\/\/yoast.com\/wordpress\/plugins\/seo\/ -->\n<title>Proline Liti\u00e8re savon de Marseille 10L - puppymaroc.com<\/title>\n<meta name=\"robots\" content=\"index, follow, max-snippet:-1, max-image-preview:large, max-video-preview:-1\" \/>\n<link rel=\"canonical\" href=\"https:\/\/puppymaroc.webmarocagency.com\/?product=proline-litiere-savon-de-marseille-10l\" \/>\n<meta property=\"og:locale\" content=\"fr_FR\" \/>\n<meta property=\"og:type\" content=\"article\" \/>\n<meta property=\"og:title\" content=\"Proline Liti\u00e8re savon de Marseille 10L - puppymaroc.com\" \/>\n<meta property=\"og:description\" content=\"Description : POUSSI\u00c8RE MINIMALE : La liti\u00e8re pour chats Proline est sp\u00e9cialement trait\u00e9e pendant la production afin de minimiser la formation de poussi\u00e8re dans la zone o\u00f9 elle est utilis\u00e9e. CARACT\u00c9RISTIQUE ABSORBANTE: La liti\u00e8re pour chat Proline absorbe le liquide rapidement et forme des grumeaux avec une fonction d\u2019agglutination parfaite. Il pr\u00e9vient toutes sortes de contaminations bact\u00e9riennes qui peuvent \u00eatre nocives pour vous ou votre chat BLOCAGE DES ODEURS : Tout en bloquant les mauvaises odeurs qui se d\u00e9gagent dans l\u2019environnement, la liti\u00e8re pour chat Proline donne \u00e9galement une odeur fra\u00eeche lorsqu\u2019elle est en contact avec un liquide.\" \/>\n<meta property=\"og:url\" content=\"https:\/\/puppymaroc.webmarocagency.com\/?product=proline-litiere-savon-de-marseille-10l\" \/>\n<meta property=\"og:site_name\" content=\"puppymaroc.com\" \/>\n<meta property=\"article:publisher\" content=\"https:\/\/www.facebook.com\/PuppyMaroc?mibextid=ZbWKwL\" \/>\n<meta property=\"article:modified_time\" content=\"2024-09-22T09:41:44+00:00\" \/>\n<meta property=\"og:image\" content=\"https:\/\/puppymaroc.webmarocagency.com\/wp-content\/uploads\/2024\/09\/background-puppy-maroc-55.png\" \/>\n\t<meta property=\"og:image:width\" content=\"1080\" \/>\n\t<meta property=\"og:image:height\" content=\"1080\" \/>\n\t<meta property=\"og:image:type\" content=\"image\/png\" \/>\n<meta name=\"twitter:card\" content=\"summary_large_image\" \/>\n<script type=\"application\/ld+json\" class=\"yoast-schema-graph\">{\"@context\":\"https:\/\/schema.org\",\"@graph\":[{\"@type\":\"WebPage\",\"@id\":\"https:\/\/puppymaroc.webmarocagency.com\/?product=proline-litiere-savon-de-marseille-10l\",\"url\":\"https:\/\/puppymaroc.webmarocagency.com\/?product=proline-litiere-savon-de-marseille-10l\",\"name\":\"Proline Liti\u00e8re savon de Marseille 10L - puppymaroc.com\",\"isPartOf\":{\"@id\":\"https:\/\/puppymaroc.webmarocagency.com\/#website\"},\"primaryImageOfPage\":{\"@id\":\"https:\/\/puppymaroc.webmarocagency.com\/?product=proline-litiere-savon-de-marseille-10l#primaryimage\"},\"image\":{\"@id\":\"https:\/\/puppymaroc.webmarocagency.com\/?product=proline-litiere-savon-de-marseille-10l#primaryimage\"},\"thumbnailUrl\":\"https:\/\/puppymaroc.webmarocagency.com\/wp-content\/uploads\/2024\/09\/background-puppy-maroc-55.png\",\"datePublished\":\"2024-09-22T09:39:46+00:00\",\"dateModified\":\"2024-09-22T09:41:44+00:00\",\"breadcrumb\":{\"@id\":\"https:\/\/puppymaroc.webmarocagency.com\/?product=proline-litiere-savon-de-marseille-10l#breadcrumb\"},\"inLanguage\":\"fr-FR\",\"potentialAction\":[{\"@type\":\"ReadAction\",\"target\":[\"https:\/\/puppymaroc.webmarocagency.com\/?product=proline-litiere-savon-de-marseille-10l\"]}]},{\"@type\":\"ImageObject\",\"inLanguage\":\"fr-FR\",\"@id\":\"https:\/\/puppymaroc.webmarocagency.com\/?product=proline-litiere-savon-de-marseille-10l#primaryimage\",\"url\":\"https:\/\/puppymaroc.webmarocagency.com\/wp-content\/uploads\/2024\/09\/background-puppy-maroc-55.png\",\"contentUrl\":\"https:\/\/puppymaroc.webmarocagency.com\/wp-content\/uploads\/2024\/09\/background-puppy-maroc-55.png\",\"width\":1080,\"height\":1080},{\"@type\":\"BreadcrumbList\",\"@id\":\"https:\/\/puppymaroc.webmarocagency.com\/?product=proline-litiere-savon-de-marseille-10l#breadcrumb\",\"itemListElement\":[{\"@type\":\"ListItem\",\"position\":1,\"name\":\"Accueil\",\"item\":\"https:\/\/puppymaroc.webmarocagency.com\/\"},{\"@type\":\"ListItem\",\"position\":2,\"name\":\"Produit\",\"item\":\"https:\/\/puppymaroc.webmarocagency.com\/?page_id=1561\"},{\"@type\":\"ListItem\",\"position\":3,\"name\":\"Proline Liti\u00e8re savon de Marseille 10L\"}]},{\"@type\":\"WebSite\",\"@id\":\"https:\/\/puppymaroc.webmarocagency.com\/#website\",\"url\":\"https:\/\/puppymaroc.webmarocagency.com\/\",\"name\":\"puppymaroc.com\",\"description\":\"puppymaroc\",\"publisher\":{\"@id\":\"https:\/\/puppymaroc.webmarocagency.com\/#organization\"},\"potentialAction\":[{\"@type\":\"SearchAction\",\"target\":{\"@type\":\"EntryPoint\",\"urlTemplate\":\"https:\/\/puppymaroc.webmarocagency.com\/?s={search_term_string}\"},\"query-input\":{\"@type\":\"PropertyValueSpecification\",\"valueRequired\":true,\"valueName\":\"search_term_string\"}}],\"inLanguage\":\"fr-FR\"},{\"@type\":\"Organization\",\"@id\":\"https:\/\/puppymaroc.webmarocagency.com\/#organization\",\"name\":\"puppymaroc.com\",\"url\":\"https:\/\/puppymaroc.webmarocagency.com\/\",\"logo\":{\"@type\":\"ImageObject\",\"inLanguage\":\"fr-FR\",\"@id\":\"https:\/\/puppymaroc.webmarocagency.com\/#\/schema\/logo\/image\/\",\"url\":\"https:\/\/puppymaroc.webmarocagency.com\/wp-content\/uploads\/2024\/02\/cropped-cropped-puppy-maroc-logo-rmv-2.png\",\"contentUrl\":\"https:\/\/puppymaroc.webmarocagency.com\/wp-content\/uploads\/2024\/02\/cropped-cropped-puppy-maroc-logo-rmv-2.png\",\"width\":958,\"height\":920,\"caption\":\"puppymaroc.com\"},\"image\":{\"@id\":\"https:\/\/puppymaroc.webmarocagency.com\/#\/schema\/logo\/image\/\"},\"sameAs\":[\"https:\/\/www.facebook.com\/PuppyMaroc?mibextid=ZbWKwL\"]}]}<\/script>\n<!-- \/ Yoast SEO plugin. -->","yoast_head_json":{"title":"Proline Liti\u00e8re savon de Marseille 10L - puppymaroc.com","robots":{"index":"index","follow":"follow","max-snippet":"max-snippet:-1","max-image-preview":"max-image-preview:large","max-video-preview":"max-video-preview:-1"},"canonical":"https:\/\/puppymaroc.webmarocagency.com\/?product=proline-litiere-savon-de-marseille-10l","og_locale":"fr_FR","og_type":"article","og_title":"Proline Liti\u00e8re savon de Marseille 10L - puppymaroc.com","og_description":"Description : POUSSI\u00c8RE MINIMALE : La liti\u00e8re pour chats Proline est sp\u00e9cialement trait\u00e9e pendant la production afin de minimiser la formation de poussi\u00e8re dans la zone o\u00f9 elle est utilis\u00e9e. CARACT\u00c9RISTIQUE ABSORBANTE: La liti\u00e8re pour chat Proline absorbe le liquide rapidement et forme des grumeaux avec une fonction d\u2019agglutination parfaite. Il pr\u00e9vient toutes sortes de contaminations bact\u00e9riennes qui peuvent \u00eatre nocives pour vous ou votre chat BLOCAGE DES ODEURS : Tout en bloquant les mauvaises odeurs qui se d\u00e9gagent dans l\u2019environnement, la liti\u00e8re pour chat Proline donne \u00e9galement une odeur fra\u00eeche lorsqu\u2019elle est en contact avec un liquide.","og_url":"https:\/\/puppymaroc.webmarocagency.com\/?product=proline-litiere-savon-de-marseille-10l","og_site_name":"puppymaroc.com","article_publisher":"https:\/\/www.facebook.com\/PuppyMaroc?mibextid=ZbWKwL","article_modified_time":"2024-09-22T09:41:44+00:00","og_image":[{"width":1080,"height":1080,"url":"https:\/\/puppymaroc.webmarocagency.com\/wp-content\/uploads\/2024\/09\/background-puppy-maroc-55.png","type":"image\/png"}],"twitter_card":"summary_large_image","schema":{"@context":"https:\/\/schema.org","@graph":[{"@type":"WebPage","@id":"https:\/\/puppymaroc.webmarocagency.com\/?product=proline-litiere-savon-de-marseille-10l","url":"https:\/\/puppymaroc.webmarocagency.com\/?product=proline-litiere-savon-de-marseille-10l","name":"Proline Liti\u00e8re savon de Marseille 10L - puppymaroc.com","isPartOf":{"@id":"https:\/\/puppymaroc.webmarocagency.com\/#website"},"primaryImageOfPage":{"@id":"https:\/\/puppymaroc.webmarocagency.com\/?product=proline-litiere-savon-de-marseille-10l#primaryimage"},"image":{"@id":"https:\/\/puppymaroc.webmarocagency.com\/?product=proline-litiere-savon-de-marseille-10l#primaryimage"},"thumbnailUrl":"https:\/\/puppymaroc.webmarocagency.com\/wp-content\/uploads\/2024\/09\/background-puppy-maroc-55.png","datePublished":"2024-09-22T09:39:46+00:00","dateModified":"2024-09-22T09:41:44+00:00","breadcrumb":{"@id":"https:\/\/puppymaroc.webmarocagency.com\/?product=proline-litiere-savon-de-marseille-10l#breadcrumb"},"inLanguage":"fr-FR","potentialAction":[{"@type":"ReadAction","target":["https:\/\/puppymaroc.webmarocagency.com\/?product=proline-litiere-savon-de-marseille-10l"]}]},{"@type":"ImageObject","inLanguage":"fr-FR","@id":"https:\/\/puppymaroc.webmarocagency.com\/?product=proline-litiere-savon-de-marseille-10l#primaryimage","url":"https:\/\/puppymaroc.webmarocagency.com\/wp-content\/uploads\/2024\/09\/background-puppy-maroc-55.png","contentUrl":"https:\/\/puppymaroc.webmarocagency.com\/wp-content\/uploads\/2024\/09\/background-puppy-maroc-55.png","width":1080,"height":1080},{"@type":"BreadcrumbList","@id":"https:\/\/puppymaroc.webmarocagency.com\/?product=proline-litiere-savon-de-marseille-10l#breadcrumb","itemListElement":[{"@type":"ListItem","position":1,"name":"Accueil","item":"https:\/\/puppymaroc.webmarocagency.com\/"},{"@type":"ListItem","position":2,"name":"Produit","item":"https:\/\/puppymaroc.webmarocagency.com\/?page_id=1561"},{"@type":"ListItem","position":3,"name":"Proline Liti\u00e8re savon de Marseille 10L"}]},{"@type":"WebSite","@id":"https:\/\/puppymaroc.webmarocagency.com\/#website","url":"https:\/\/puppymaroc.webmarocagency.com\/","name":"puppymaroc.com","description":"puppymaroc","publisher":{"@id":"https:\/\/puppymaroc.webmarocagency.com\/#organization"},"potentialAction":[{"@type":"SearchAction","target":{"@type":"EntryPoint","urlTemplate":"https:\/\/puppymaroc.webmarocagency.com\/?s={search_term_string}"},"query-input":{"@type":"PropertyValueSpecification","valueRequired":true,"valueName":"search_term_string"}}],"inLanguage":"fr-FR"},{"@type":"Organization","@id":"https:\/\/puppymaroc.webmarocagency.com\/#organization","name":"puppymaroc.com","url":"https:\/\/puppymaroc.webmarocagency.com\/","logo":{"@type":"ImageObject","inLanguage":"fr-FR","@id":"https:\/\/puppymaroc.webmarocagency.com\/#\/schema\/logo\/image\/","url":"https:\/\/puppymaroc.webmarocagency.com\/wp-content\/uploads\/2024\/02\/cropped-cropped-puppy-maroc-logo-rmv-2.png","contentUrl":"https:\/\/puppymaroc.webmarocagency.com\/wp-content\/uploads\/2024\/02\/cropped-cropped-puppy-maroc-logo-rmv-2.png","width":958,"height":920,"caption":"puppymaroc.com"},"image":{"@id":"https:\/\/puppymaroc.webmarocagency.com\/#\/schema\/logo\/image\/"},"sameAs":["https:\/\/www.facebook.com\/PuppyMaroc?mibextid=ZbWKwL"]}]}},"_links":{"self":[{"href":"https:\/\/puppymaroc.webmarocagency.com\/index.php?rest_route=\/wp\/v2\/product\/2276","targetHints":{"allow":["GET"]}}],"collection":[{"href":"https:\/\/puppymaroc.webmarocagency.com\/index.php?rest_route=\/wp\/v2\/product"}],"about":[{"href":"https:\/\/puppymaroc.webmarocagency.com\/index.php?rest_route=\/wp\/v2\/types\/product"}],"replies":[{"embeddable":true,"href":"https:\/\/puppymaroc.webmarocagency.com\/index.php?rest_route=%2Fwp%2Fv2%2Fcomments&post=2276"}],"wp:featuredmedia":[{"embeddable":true,"href":"https:\/\/puppymaroc.webmarocagency.com\/index.php?rest_route=\/wp\/v2\/media\/2277"}],"wp:attachment":[{"href":"https:\/\/puppymaroc.webmarocagency.com\/index.php?rest_route=%2Fwp%2Fv2%2Fmedia&parent=2276"}],"wp:term":[{"taxonomy":"product_brand","embeddable":true,"href":"https:\/\/puppymaroc.webmarocagency.com\/index.php?rest_route=%2Fwp%2Fv2%2Fproduct_brand&post=2276"},{"taxonomy":"product_cat","embeddable":true,"href":"https:\/\/puppymaroc.webmarocagency.com\/index.php?rest_route=%2Fwp%2Fv2%2Fproduct_cat&post=2276"},{"taxonomy":"product_tag","embeddable":true,"href":"https:\/\/puppymaroc.webmarocagency.com\/index.php?rest_route=%2Fwp%2Fv2%2Fproduct_tag&post=2276"}],"curies":[{"name":"wp","href":"https:\/\/api.w.org\/{rel}","templated":true}]}}